 - 7. Let i be o(q). Suppose -i = -s + 1. What is the units digit of s?
2
Let m = 8 - -50. What is the tens digit of m?
5
Let a = 1 - 1. Suppose 5*g - 9 - 56 = a. Suppose -3*m + 4*p + g = 0, m - p - 8 = 4*p. What is the units digit of m?
3
Suppose -18 = -4*x + 2*y, 0*x - 4*y = 5*x - 3. Suppose 2 = x*t - 4. Let z(f) = f**2 + 2*f - 3. What is the units digit of z(t)?
5
Suppose h - 8*i = -3*i + 14, -4*i = 3*h - 61. What is the units digit of h?
9
Suppose 12*c - 177 = 9*c. What is the tens digit of c?
5
Let x be 1*-1*1*-2. Suppose 0*r - 17 = -3*l - x*r, -2*r + 20 = 4*l. Let w = -1 + l. What is the units digit of w?
2
Let k be -12*(1 - (-3)/(-2)). Suppose i - 2 = -2*d, 3*i + d - k = 2*d. Let q = 6 - i. What is the units digit of q?
4
Let r = 294 + -173. What is the hundreds digit of r?
1
Let j(c) = c**3 + 6*c**2 - 9*c - 6. What is the units digit of j(-7)?
8
Suppose -2*h = 3*j - 22, 4*j + 48 = 3*h + j. What is the units digit of h?
4
Let r be 3 - (-1 - -2)*-1. What is the tens digit of (r/(-12))/(1/(-33))?
1
Let p be (-3)/9 + 194/6. Suppose -4*o + 36 = -p. Let m = 31 - o. What is the units digit of m?
4
Let p = 2 - 18. Let g = p - -32. What is the units digit of g?
6
Suppose -3 = 5*o - 33. Suppose -a + 5*n = -11 - 13, 0 = a + 3*n - 8. Suppose 5*i = a + o. What is the units digit of i?
4
Let n(j) = 3*j + 6 - 6*j - 3*j + 3*j. What is the tens digit of n(-5)?
2
Suppose 88 = 3*a + a. Suppose 18 + a = 2*b. What is the tens digit of b?
2
Suppose 0 = 2*v + 4. Let n be 1 + 0 + (-2)/v. What is the units digit of (18/(-4) + n)*-2?
5
Let g be (-3*10/(-3))/1. Suppose 0*q - 3*q - 5 = -4*k, q - 3*k + g = 0. What is the units digit of q?
5
Let h be (2/(-3))/(4/(-60)). What is the units digit of (h/(-4))/(1/(-2))?
5
Suppose -12*t + 7*t = -205. What is the units digit of t?
1
Suppose 0 = 3*x - 8*x + 30. Suppose -3 = -3*z + x. What is the tens digit of (-48)/(-28)*21/z?
1
Let v = 108 + -64. What is the units digit of v?
4
Let x = -16 + 24. What is the units digit of x?
8
Let g = 2 - -1. What is the units digit of (-2)/(g/(-15)*2)?
5
Suppose 0 = 4*v + 4. Let p(h) = -5*h + 1. Let l be p(v). Suppose 2*k - l*k + 20 = 0. What is the units digit of k?
5
Suppose 0 + 1 = w. Let j = w - 0. What is the units digit of j?
1
Suppose -3*h + h - 300 = -2*t, -2*h - t - 300 = 0. What is the units digit of 2/(-7) + h/(-35)?
4
Suppose 3*g + 3 - 9 = 0. Suppose 4*r - 16 = g*r. Suppose 7 = 3*t - r. What is the units digit of t?
5
Let j = -16 - -45. Suppose 21 + j = 5*d. What is the units digit of d?
0
Suppose 1 = 3*c + r - 0, 19 = -3*c + 4*r. Let n be (3/c + 5)/(-1). What is the units digit of (-7)/(-5) - n/(-5)?
1
What is the units digit of 3*(4/(-3))/(-2)?
2
Let c = 18 - -157. What is the tens digit of c?
7
Suppose 70 = -4*q + 2*z - 46, 5*q + 2*z + 154 = 0. Let o = -62 - q. Let i = -13 - o. What is the tens digit of i?
1
Let x be (50/(-15))/((-2)/(-6)). Let s be (-12)/x*25/2. Suppose y - s = -2*y. What is the units digit of y?
5
Suppose -4*h = -5*i + 1043, -i = -h + 2*h - 205. What is the tens digit of i?
0
Let a = 95 - 58. What is the units digit of a?
7
Let s = 10 - 4. Suppose s = 2*g - 24. What is the tens digit of g?
1
Let a = 4 - -43. What is the units digit of a?
7
Let j = 27 + -4. Suppose 0 = -u + 2*u - j. What is the units digit of u?
3
Let a(n) = 5*n**3 - n**2 + n + 1. Let d be a(-1). Let p(u) = u**2 + 6*u + 4. What is the units digit of p(d)?
4
What is the hundreds digit of ((-1348)/10)/((-12)/30)?
3
What is the units digit of (-70)/(-8) + (-2)/(-8)?
9
Let s(h) = h**2 + 2*h - 4. Let k = -1 - -4. Suppose -8 = -k*a - 0*r + r, 2*r - 8 = -2*a. What is the tens digit of s(a)?
1
Let w(f) = 70*f**2 + 6*f + 6. What is the units digit of w(-2)?
4
What is the units digit of ((-4)/(-3))/((-8)/(-18))?
3
Suppose -2*t + 3*t + 7 = 0. Let c = t - -10. Suppose -2*j + 21 = c. What is the units digit of j?
9
Suppose 0 = 5*v + 3*i - i + 14, -4*v = -i + 6. Let k = 2 - v. What is the units digit of k?
4
Let j = 4 + 1. Suppose w + 5*m + 9 = -8, w = j*m + 33. What is the units digit of w?
8
Let q(p) = -23*p**2 + p + 1. Let l = -1 - 0. Let n be q(l). Let b = n + 35. What is the units digit of b?
2
Let f be 3 - 0 - 1/1. Suppose 5*t = -3*x + 34, 0 = 3*t + f*x - 5*x - 6. Let h = t + -1. What is the units digit of h?
4
What is the units digit of 2300/30 - 2/(-6)?
7
Suppose -p + 214 = u, 0 = -4*u + 2*u + 10. What is the hundreds digit of p?
2
Suppose 14 = 2*z - 3*z + 2*h, z + 2*h = -10. Let d be (6/4)/((-9)/z). What is the units digit of (d/6)/(4/84)?
7
Let l(r) = 6*r**3 - r**2 - 3*r + 1. Let k = -22 + 24. What is the tens digit of l(k)?
3
Suppose 51 = 13*s + 12. What is the units digit of s?
3
Let a(s) = -s**3 + 15*s**2 - 13*s + 21. What is the units digit of a(14)?
5
Let r(w) = w - 1 + 0*w + 7*w. Let c be r(1). Let k = -1 + c. What is the units digit of k?
6
Let z be 6/((4/3)/2). Suppose 4*u - 47 = z. Let y = u - 5. What is the units digit of y?
9
Suppose 0 = -4*z + 2*z. Let l = z + 5. What is the units digit of l?
5
Let o(r) = r + 4. Let p be o(-4). Suppose 4*f - 2*v - 36 = -7*v, p = -2*f - 2*v + 18. What is the units digit of f?
9
Let m(p) = 4*p + 5. What is the units digit of m(7)?
3
Let a be 4/(-22) + (-4634)/(-77). Suppose 3*o - a = 27. What is the tens digit of o?
2
Suppose 0 = -2*s - 2*a + 60, -5*s - 4*a + a = -154. What is the tens digit of s?
3
Suppose 0 = -4*g + i + 2*i + 181, -2*i + 166 = 4*g. What is the tens digit of g?
4
Suppose -3*m = 5*m - 1416. What is the tens digit of m?
7
Let p = 78 - 49. What is the units digit of p?
9
Suppose 7*h - 3*h - 5*m - 50 = 0, 2 = m. Let c = -5 + h. What is the tens digit of c?
1
Suppose -s - 3*s = 52. Let p = 19 - s. What is the tens digit of p?
3
Suppose l + 990 = 6*l. What is the units digit of l?
8
Let d(x) = x**3 - 10*x**2 + 12. Let l(k) = -4*k + 2. Let b be l(-2). What is the tens digit of d(b)?
1
Suppose 9*u - 79 = 2. What is the units digit of u?
9
Let f = 33 + -11. Let t be (22/(-2))/((-1)/(-3)). What is the units digit of (-258)/t + 4/f?
8
Suppose -4*c - 15 = -9*c, 3*r - 2*c + 39 = 0. Let l = -1 - r. Let w = 16 - l. What is the units digit of w?
6
Let i(o) = 2*o**3 + 2*o**2 - o + 1. What is the units digit of i(2)?
3
Let x(i) = -2*i - 8. Let n = -17 + 9. What is the units digit of x(n)?
8
What is the tens digit of ((-10)/20)/((-1)/146)?
7
Let r be (0/(-1))/(4/4). What is the units digit of (2 + r)/(2/7)?
7
Let c = -1 - -69. What is the tens digit of c?
6
Let p(c) = -3*c - 2. Let r(t) = 9*t + 1. Let f(z) = -26*z - 4. Let v(y) = -3*f(y) - 8*r(y). Let q(l) = 13*p(l) + 6*v(l). What is the units digit of q(-3)?
7
Suppose -4*u = -2*b + 5*b - 6, 2*u = -b + 4. Suppose 45 = 2*f + u*f. What is the units digit of f?
9
Suppose 0 = 4*m - 3*m - 1. Let a be -5 + ((-3)/m - -2). What is the units digit of (14/(-6))/(2/a)?
7
Let r(b) = b + 15. Let h be r(-12). Suppose -2 = w, -h*a - 36 = -4*a + 2*w. What is the units digit of a?
2
Let p = -1 - -5. Suppose 0*x - 5*x = 5*i - 50, 30 = 3*x - p*i. What is the units digit of x?
0
Let y(c) = -c**3 + 8*c**2 + 9*c + 2. Let t be y(9). Suppose 0*b - t*b + 40 = 0. What is the units digit of b?
0
Suppose -u = -f - 3*u - 1, -3*u - 15 = -3*f. Suppose -d - 4 = -0*d, -f*d = -2*l + 18. What is the units digit of l?
3
Let w(h) = h**3 - 6*h**2 + 4*h + 2. Let f(y) = 4*y**3 - 19*y**2 + 12*y + 7. Let g(p) = -2*f(p) + 7*w(p). Let d = 5 + -10. What is the units digit of g(d)?
5
Let q(u) = 3*u**2 - 6*u + 13. What is the units digit of q(-6)?
7
Suppose 3*z - 20 = -z. Let x(y) = -y - 3. Let a be x(z). What is the units digit of (a/(-12))/((-2)/(-18))?
6
Let c(y) be the third derivative of y**6/8 - y**4/24 - 2*y**2. Let o = -6 + 7. What is the units digit of c(o)?
4
Suppose -4*u + 9*u - 200 = 0. What is the tens digit of u + -5 - (-1 + 4)?
3
Suppose 6 = 4*q - j, 2*q = 5*q + 2*j + 1. Suppose -4*i - 2*s + 82 = 0, -4*s + q = -11. What is the tens digit of i?
1
Let u = 129 + -73. What is the units digit of u?
6
Suppose 0 = -r + 96 + 1. What is the units digit of r?
7
Suppose 3*a = a - 5*p - 135, -5*a - 4*p = 312. What is the tens digit of (a/16)/((-3)/16)?
2
Let i be ((-14)/(-4))/(1/(-12)). Suppose -4*w = -4*p + 84, -4*w + w - 2*p - 83 = 0. Let d = w - i. What is the tens digit of d?
1
What is the tens digit of (-3 - -4)/(1/350*2)?
7
Let v(l)